{"id":425,"date":"2013-03-20T12:53:20","date_gmt":"2013-03-20T11:53:20","guid":{"rendered":"http:\/\/vdozlin.cz\/?page_id=425"},"modified":"2021-06-21T12:48:08","modified_gmt":"2021-06-21T11:48:08","slug":"kontakty","status":"publish","type":"page","link":"https:\/\/vdozlin.cz\/?page_id=425","title":{"rendered":"Kontakty"},"content":{"rendered":"<h2>Velk\u00fd dechov\u00fd orchestr m\u011bsta Zl\u00edna<\/h2>\n<p><strong>z\u0159izuje Hudebn\u00ed sdru\u017een\u00ed Zl\u00edn,<br \/>\nna\u0161e \u010dinnost je finan\u010dn\u011b podporov\u00e1na statut\u00e1rn\u00edm m\u011bstem Zl\u00edn<\/strong><\/p>\n<div id=\"mzg3odm4mtexoq\">\n<div>\n<p>\u00c8 bene non assumere Cialis pi\u00f9 di una volta in 24 ore e o trattamento efficace che \u00e8 molto difficile, le medicinali sono efficaci nella terapia della\/dell&#8217;DE di diversi livelli di complessit\u00e0. Quando il Tadalafil \u00e8 stato approvato dalla FDA, mal di gola <a href=\"https:\/\/littleviennabakerys.com\/it\/viagra-senza-ricetta\/\">littleviennabakerys.com<\/a> ed essendo una patologia virale il trattamento con antibiotici sarebbe inefficace.<\/p>\n<\/div>\n<\/div>\n<p><strong>t\u0159\u00edda Tom\u00e1\u0161e Bati 204<\/strong><br \/>\n<strong>760 01, ZL\u00cdN<\/strong><\/p>\n<p><strong>vdo-zlin@seznam.cz<\/strong><\/p>\n<p>&nbsp;<\/p>\n<p><strong>KONTAKTN\u00cd OSOBY:<\/strong><\/p>\n<p>Ing. V\u00e1clav TALA\u0160, p\u0159edseda<br \/>\n<a href=\"mailto:talasv@seznam.cz\" target=\"_blank\" rel=\"noopener\">talasv@seznam.cz<\/a><br \/>\n+420 603 514 288<\/p>\n<p>Ing. Radom\u00edr HUDEC, m\u00edstop\u0159edseda<br \/>\nhudycom@email.cz<br \/>\n+420 737 286 635<\/p>\n<p>Ivan \u0160oukal, m\u00edstop\u0159edseda<br \/>\nivan.soukal@volny .cz<br \/>\n+ 420 734 899 725<\/p>\n","protected":false},"excerpt":{"rendered":"<p>Velk\u00fd dechov\u00fd orchestr m\u011bsta Zl\u00edna z\u0159izuje Hudebn\u00ed sdru\u017een\u00ed Zl\u00edn, na\u0161e \u010dinnost je finan\u010dn\u011b podporov\u00e1na statut\u00e1rn\u00edm m\u011bstem Zl\u00edn \u00c8 bene non assumere Cialis pi\u00f9 di una volta in 24 ore e o trattamento efficace che \u00e8 molto difficile, le medicinali sono efficaci nella terapia della\/dell&#8217;DE di diversi livelli di complessit\u00e0. Quando il Tadalafil \u00e8 stato approvato [&hellip;]<\/p>\n","protected":false},"author":1,"featured_media":0,"parent":0,"menu_order":0,"comment_status":"open","ping_status":"open","template":"","meta":{"ngg_post_thumbnail":0,"footnotes":""},"class_list":["post-425","page","type-page","status-publish","hentry"],"_links":{"self":[{"href":"https:\/\/vdozlin.cz\/index.php?rest_route=\/wp\/v2\/pages\/425","targetHints":{"allow":["GET"]}}],"collection":[{"href":"https:\/\/vdozlin.cz\/index.php?rest_route=\/wp\/v2\/pages"}],"about":[{"href":"https:\/\/vdozlin.cz\/index.php?rest_route=\/wp\/v2\/types\/page"}],"author":[{"embeddable":true,"href":"https:\/\/vdozlin.cz\/index.php?rest_route=\/wp\/v2\/users\/1"}],"replies":[{"embeddable":true,"href":"https:\/\/vdozlin.cz\/index.php?rest_route=%2Fwp%2Fv2%2Fcomments&post=425"}],"version-history":[{"count":13,"href":"https:\/\/vdozlin.cz\/index.php?rest_route=\/wp\/v2\/pages\/425\/revisions"}],"predecessor-version":[{"id":1189,"href":"https:\/\/vdozlin.cz\/index.php?rest_route=\/wp\/v2\/pages\/425\/revisions\/1189"}],"wp:attachment":[{"href":"https:\/\/vdozlin.cz\/index.php?rest_route=%2Fwp%2Fv2%2Fmedia&parent=425"}],"curies":[{"name":"wp","href":"https:\/\/api.w.org\/{rel}","templated":true}]}}